on divisor of 11486774 and 26.
26
Calculate the highest common factor of 1951641 and 3483.
1161
What is the highest common divisor of 704105 and 265?
265
Calculate the greatest common factor of 230 and 10250.
10
Calculate the highest common factor of 6832 and 256688.
976
Calculate the greatest common divisor of 464 and 400.
16
What is the highest common divisor of 762 and 1307084?
254
Calculate the highest common factor of 277755 and 135.
15
What is the greatest common factor of 4166613 and 11?
11
Calculate the greatest common factor of 400 and 345000.
200
Calculate the highest common factor of 3029345 and 55.
55
What is the greatest common factor of 402 and 114?
6
Calculate the greatest common factor of 369102 and 681.
681
Calculate the greatest common factor of 544 and 3230.
34
Calculate the greatest common divisor of 10542 and 3962.
14
Calculate the greatest common divisor of 20920 and 20480.
40
What is the greatest common divisor of 405 and 710?
5
What is the greatest common divisor of 5 and 4855?
5
What is the greatest common factor of 5632 and 11792?
176
Calculate the greatest common factor of 15988 and 896.
28
What is the greatest common divisor of 510568 and 570?
38
What is the highest common divisor of 14 and 360626?
14
Calculate the highest common factor of 197162 and 56.
14
Calculate the greatest common divisor of 626124 and 216.
12
What is the greatest common divisor of 744 and 445036?
124
Calculate the highest common divisor of 7467 and 1311.
57
What is the highest common divisor of 20 and 104045?
5
Calculate the highest common factor of 4 and 5906.
2
Calculate the greatest common factor of 76 and 10208.
4
What is the highest common divisor of 4018 and 2548?
98
What is the highest common factor of 594 and 122454?
18
Calculate the highest common factor of 24252 and 430.
86
Calculate the highest common factor of 9805 and 740.
185
What is the greatest common factor of 3232 and 64?
32
What is the highest common divisor of 65688 and 3?
3
What is the highest common divisor of 21 and 275163?
21
Calculate the greatest common divisor of 778374 and 83.
83
What is the greatest common divisor of 375 and 304000?
125
Calculate the greatest common divisor of 101464 and 88.
88
Calculate the highest common factor of 380 and 108604.
76
Calculate the highest common factor of 125328 and 3024.
336
Calculate the greatest common divisor of 455730 and 198.
66
Calculate the highest common factor of 373326 and 258.
258
What is the greatest common factor of 98250 and 1572?
786
What is the greatest common factor of 4081357 and 489?
163
What is the highest common factor of 34028 and 752?
188
What is the highest common factor of 96 and 101712?
48
Calculate the highest common divisor of 80 and 43480.
40
What is the highest common divisor of 672978 and 10?
2
Calculate the highest common factor of 3096 and 2881.
43
What is the highest common factor of 10516 and 1716?
44
Calculate the highest common divisor of 961385 and 3760.
235
What is the highest common factor of 142397 and 131?
131
Calculate the highest common factor of 182286 and 456.
114
What is the greatest common factor of 578 and 11254?
34
Calculate the greatest common divisor of 1065 and 12840.
15
Calculate the highest common factor of 145 and 343795.
145
What is the greatest common factor of 1234905 and 665?
665
Calculate the greatest common factor of 630 and 602595.
315
What is the highest common factor of 124 and 1767?
31
Calculate the highest common divisor of 14272 and 16.
16
Calculate the highest common factor of 1095 and 23214.
219
Calculate the highest common divisor of 2880 and 146240.
320
Calculate the greatest common factor of 31730 and 3006.
334
What is the highest common divisor of 2284930 and 410?
410
Calculate the highest common factor of 91827 and 716.
179
Calculate the highest common factor of 7399 and 106757.
1057
What is the highest common divisor of 596 and 1587297?
149
Calculate the greatest common factor of 130 and 18790.
10
What is the greatest common divisor of 185040 and 160?
80
What is the greatest common divisor of 138 and 8990562?
138
Calculate the greatest common divisor of 63798 and 6.
6
Calculate the highest common divisor of 396 and 14916.
132
Calculate the highest common divisor of 40920 and 550.
110
What is the highest common divisor of 1251591 and 561?
561
Calculate the highest common factor of 2 and 30654.
2
What is the greatest common divisor of 28050 and 45?
15
Calculate the greatest common divisor of 209 and 22319.
11
What is the greatest common divisor of 322 and 610834?
322
Calculate the greatest common divisor of 872262 and 2088.
522
Calculate the highest common factor of 2993 and 3650.
73
Calculate the highest common factor of 4 and 15767.
1
What is the greatest common divisor of 31 and 828227?
31
What is the greatest common divisor of 10872 and 82899?
1359
Calculate the highest common factor of 8925 and 2250.
75
What is the highest common factor of 182 and 3913?
91
Calculate the greatest common divisor of 20496 and 2784.
48
Calculate the greatest common divisor of 152211 and 113.
113
Calculate the greatest common divisor of 4 and 37364.
4
What is the highest common factor of 74 and 36445?
37
What is the greatest common factor of 40476 and 24?
12
Calculate the greatest common divisor of 164 and 67814.
82
Calculate the highest common divisor of 40 and 199820.
20
What is the highest common divisor of 1826 and 77770?
22
Calculate the greatest common divisor of 104 and 7506.
2
Calculate the greatest common factor of 414 and 1365.
3
Calculate the highest common divisor of 112 and 414344.
56
Calculate the highest common factor of 2418 and 24924.
186
What is the highest common factor of 13 and 32739?
1
Calculate the greatest common factor of 341240 and 640.
40
Calculate the greatest common divisor of 27245 and 25.
5
What is the greatest common factor of 38 and 3654346?
38
Calculate the greatest common divisor of 8194 and 3502.
34
What is the highest common divisor of 1740 and 7859?
29
What is the highest common factor of 248 and 121768?
248
Calculate the highest common divisor of 20267 and 10439.
13
Calculate the greatest common divisor of 284 and 452.
4
What is the highest common divisor of 17976 and 7392?
168
Calculate the highest common divisor of 128006 and 116.
58
What is the highest common divisor of 377349 and 2352?
147
What is the greatest common divisor of 257306 and 1568?
14
What is the highest common factor of 351 and 18261?
9
What is the highest common factor of 73554 and 25714?
598
Calculate the highest common factor of 1431 and 20352.
159
Calculate the highest common divisor of 255 and 2019906.
51
What is the greatest common factor of 707773 and 1551?
517
What is the greatest common divisor of 64 and 184208?
16
Calculate the greatest common divisor of 116 and 681906.
58
What is the greatest common divisor of 273040 and 32?
16
What is the highest common factor of 42024 and 9792?
408
Calculate the highest common divisor of 774489 and 53.
53
Calculate the greatest common divisor of 428 and 7597.
107
What is the highest common divisor of 1136 and 240?
16
What is the greatest common factor of 43992 and 9?
9
What is the greatest common factor of 74140 and 220?
220
Calculate the greatest common factor of 744 and 570.
6
Calculate the highest common divisor of 793 and 6527.
61
Calculate the highest common divisor of 89394 and 1128.
282
Calculate the highest common factor of 1851 and 180781.
617
What is the greatest common factor of 11999 and 25519?
169
What is the highest common divisor of 217 and 2744?
7
Calculate the highest common divisor of 4321 and 40049.
29
What is the greatest common divisor of 1209 and 161200?
403
What is the highest common divisor of 9858 and 21624?
318
What is the greatest common factor of 8500 and 10500?
500
Calculate the highest common factor of 218 and 50031.
109
What is the greatest common divisor of 185765 and 530?
265
What is the greatest common factor of 676 and 102206?
26
Calculate the greatest common factor of 64003 and 58.
29
Calculate the greatest common factor of 2691 and 1143.
9
What is the greatest common factor of 234 and 24908?
26
Calculate the greatest common factor of 1081 and 18659.
47
Calculate the greatest comm